{"id":254,"date":"2022-03-22T19:13:23","date_gmt":"2022-03-22T17:13:23","guid":{"rendered":"https:\/\/finslot.net\/arkisto\/?page_id=254"},"modified":"2022-03-24T18:28:10","modified_gmt":"2022-03-24T16:28:10","slug":"jokapoika","status":"publish","type":"page","link":"https:\/\/finslot.net\/arkisto\/jokapoika\/","title":{"rendered":"JokaPoika"},"content":{"rendered":"<p><span style=\"color: #000000;\">Joka Poika lehdet, olisi viel\u00e4 tarkoitus jossain vaiheessa kahlata kaikki vuosikerrat l\u00e4pi. Niiss\u00e4 pit\u00e4isi olla enempikin juttua t\u00e4st\u00e4 aihepiirist\u00e4.<\/span><\/p>\n<p><span style=\"color: #0000ff;\"><a style=\"color: #0000ff;\" href=\"https:\/\/finslot.net\/arkisto\/wp-content\/uploads\/2022\/03\/JokaPoika_19-1968.pdf\">JokaPoika_19-1968<\/a> <\/span><\/p>\n<ul>\n<li><span style=\"color: #000000;\">Lis\u00e4\u00e4 vauhtia autoradalle, Hannu Wallin<\/span>\n<ul>\n<li><span style=\"color: #000000;\">Moottorin purkaminen, magneettien asentaminen, ankkurin k\u00e4\u00e4mitys, ankkurin tasapainotus<\/span><\/li>\n<\/ul>\n<\/li>\n<li><span style=\"color: #000000;\">Autorata el\u00e4v\u00e4mm\u00e4ksi!<\/span>\n<ul>\n<li><span style=\"color: #000000;\">S\u00e4hk\u00f6autoradan katsomo ja l\u00e4hett\u00e4j\u00e4n koroke,\u00a0<\/span><\/li>\n<\/ul>\n<\/li>\n<\/ul>\n<p><span style=\"color: #0000ff;\"><a style=\"color: #0000ff;\" href=\"https:\/\/finslot.net\/arkisto\/wp-content\/uploads\/2022\/03\/JokaPoika_19-1969.pdf\">JokaPoika_19-1969<\/a><\/span><\/p>\n<ul>\n<li><span style=\"color: #000000;\">PSA -kilpailukutsu, Riihim\u00e4ki 23.11.69<\/span>\n<ul>\n<li><span style=\"color: #000000;\">Pienoiss\u00e4hk\u00f6autojen luokka 9:n autos\u00e4\u00e4nt\u00f6 ajokaudelle 1969<\/span><\/li>\n<li><span style=\"color: #000000;\">Pohjolan paras kuski -Leo Kinnunen, Fred Geitel<\/span><\/li>\n<\/ul>\n<\/li>\n<\/ul>\n<p><span style=\"color: #0000ff;\"> <a style=\"color: #0000ff;\" href=\"https:\/\/finslot.net\/arkisto\/wp-content\/uploads\/2022\/03\/JokaPoika_4-1971.pdf\">JokaPoika_4-1971<\/a><\/span><\/p>\n<ul>\n<li><span style=\"color: #000000;\">Heip\u00e4 j\u00e4lleen pojat, Kari M\u00e4kinen<\/span>\n<ul>\n<li><span style=\"color: #000000;\">Pieks\u00e4m\u00e4en PSA-rata, auton korin rakentaminen<\/span><\/li>\n<\/ul>\n<\/li>\n<\/ul>\n","protected":false},"excerpt":{"rendered":"<p>Joka Poika lehdet, olisi viel\u00e4 tarkoitus jossain vaiheessa kahlata kaikki vuosikerrat l\u00e4pi. Niiss\u00e4 pit\u00e4isi olla enempikin juttua t\u00e4st\u00e4 aihepiirist\u00e4. JokaPoika_19-1968 Lis\u00e4\u00e4 vauhtia autoradalle, Hannu Wallin Moottorin purkaminen, magneettien asentaminen, ankkurin k\u00e4\u00e4mitys, ankkurin tasapainotus Autorata el\u00e4v\u00e4mm\u00e4ksi! S\u00e4hk\u00f6autoradan katsomo ja l\u00e4hett\u00e4j\u00e4n koroke,\u00a0 JokaPoika_19-1969 PSA -kilpailukutsu, Riihim\u00e4ki 23.11.69 Pienoiss\u00e4hk\u00f6autojen luokka 9:n autos\u00e4\u00e4nt\u00f6 ajokaudelle 1969 Pohjolan paras kuski -Leo [&hellip;]<\/p>\n","protected":false},"author":3,"featured_media":0,"parent":0,"menu_order":0,"comment_status":"closed","ping_status":"closed","template":"","meta":{"footnotes":""},"class_list":["post-254","page","type-page","status-publish","hentry"],"_links":{"self":[{"href":"https:\/\/finslot.net\/arkisto\/wp-json\/wp\/v2\/pages\/254","targetHints":{"allow":["GET"]}}],"collection":[{"href":"https:\/\/finslot.net\/arkisto\/wp-json\/wp\/v2\/pages"}],"about":[{"href":"https:\/\/finslot.net\/arkisto\/wp-json\/wp\/v2\/types\/page"}],"author":[{"embeddable":true,"href":"https:\/\/finslot.net\/arkisto\/wp-json\/wp\/v2\/users\/3"}],"replies":[{"embeddable":true,"href":"https:\/\/finslot.net\/arkisto\/wp-json\/wp\/v2\/comments?post=254"}],"version-history":[{"count":4,"href":"https:\/\/finslot.net\/arkisto\/wp-json\/wp\/v2\/pages\/254\/revisions"}],"predecessor-version":[{"id":327,"href":"https:\/\/finslot.net\/arkisto\/wp-json\/wp\/v2\/pages\/254\/revisions\/327"}],"wp:attachment":[{"href":"https:\/\/finslot.net\/arkisto\/wp-json\/wp\/v2\/media?parent=254"}],"curies":[{"name":"wp","href":"https:\/\/api.w.org\/{rel}","templated":true}]}}