{"id":542,"date":"2021-04-27T16:29:15","date_gmt":"2021-04-27T13:29:15","guid":{"rendered":"http:\/\/finslot.net\/tumppi\/?page_id=542"},"modified":"2021-10-17T13:51:59","modified_gmt":"2021-10-17T10:51:59","slug":"irwin-muu-materiaali","status":"publish","type":"page","link":"https:\/\/finslot.net\/tumppi\/irwin-muu-materiaali\/","title":{"rendered":"Irwin Goodman muu materiaali"},"content":{"rendered":"<p><strong>CD Hauskat Hitit,<\/strong> AXRCD 1019, 1991<\/p>\n<p><img fetchpriority=\"high\" decoding=\"async\" class=\"alignnone size-medium wp-image-551\" src=\"https:\/\/finslot.net\/tumppi\/wp-content\/uploads\/2021\/04\/HauskatHitit1-297x300.jpg\" alt=\"\" width=\"297\" height=\"300\" srcset=\"https:\/\/finslot.net\/tumppi\/wp-content\/uploads\/2021\/04\/HauskatHitit1-297x300.jpg 297w, https:\/\/finslot.net\/tumppi\/wp-content\/uploads\/2021\/04\/HauskatHitit1.jpg 564w\" sizes=\"(max-width: 297px) 100vw, 297px\" \/> <img decoding=\"async\" class=\"alignnone size-medium wp-image-552\" src=\"https:\/\/finslot.net\/tumppi\/wp-content\/uploads\/2021\/04\/HauskatHitit2-300x254.jpg\" alt=\"\" width=\"300\" height=\"254\" srcset=\"https:\/\/finslot.net\/tumppi\/wp-content\/uploads\/2021\/04\/HauskatHitit2-300x254.jpg 300w, https:\/\/finslot.net\/tumppi\/wp-content\/uploads\/2021\/04\/HauskatHitit2.jpg 654w\" sizes=\"(max-width: 300px) 100vw, 300px\" \/><\/p>\n<p>kuulunee ehdottomasti kokoelmaan, onhan siell\u00e4 itse Eddie Edwards laulamassa kaksi kappaletta, kappaletta jotka <em>Irwin sanoitti sek\u00e4 s\u00e4velsi<\/em> juuri ennen viimeist\u00e4 keikkaansa: <em>Mun nimeni on Eetu ja Eddien siivell\u00e4.<\/em><\/p>\n<p>&nbsp;<\/p>\n<p><strong>CD Irwin ja oppipojat &#8211; hitit ja harvinaisuudet, <\/strong>Valkeakoski Media, 2007<\/p>\n<p><img decoding=\"async\" class=\"alignnone size-medium wp-image-553\" src=\"https:\/\/finslot.net\/tumppi\/wp-content\/uploads\/2021\/04\/IrwinjaOppipojat_hititjaharvinaisuudet11-300x300.jpg\" alt=\"\" width=\"300\" height=\"300\" srcset=\"https:\/\/finslot.net\/tumppi\/wp-content\/uploads\/2021\/04\/IrwinjaOppipojat_hititjaharvinaisuudet11-300x300.jpg 300w, https:\/\/finslot.net\/tumppi\/wp-content\/uploads\/2021\/04\/IrwinjaOppipojat_hititjaharvinaisuudet11-150x150.jpg 150w, https:\/\/finslot.net\/tumppi\/wp-content\/uploads\/2021\/04\/IrwinjaOppipojat_hititjaharvinaisuudet11.jpg 573w\" sizes=\"(max-width: 300px) 100vw, 300px\" \/> <img loading=\"lazy\" decoding=\"async\" class=\"alignnone size-medium wp-image-554\" src=\"https:\/\/finslot.net\/tumppi\/wp-content\/uploads\/2021\/04\/IrwinjaOppipojat_hititjaharvinaisuudet12-300x258.jpg\" alt=\"\" width=\"300\" height=\"258\" srcset=\"https:\/\/finslot.net\/tumppi\/wp-content\/uploads\/2021\/04\/IrwinjaOppipojat_hititjaharvinaisuudet12-300x258.jpg 300w, https:\/\/finslot.net\/tumppi\/wp-content\/uploads\/2021\/04\/IrwinjaOppipojat_hititjaharvinaisuudet12.jpg 654w\" sizes=\"(max-width: 300px) 100vw, 300px\" \/><\/p>\n<p>Mukana levyll\u00e4 my\u00f6s itse Irwin !<\/p>\n<p>&nbsp;<\/p>\n<p><strong>CD Irwin-Remix,<\/strong> FSCD-17, 1993<\/p>\n<p><img loading=\"lazy\" decoding=\"async\" class=\"alignnone size-medium wp-image-555\" src=\"https:\/\/finslot.net\/tumppi\/wp-content\/uploads\/2021\/04\/Irwin-Remix-300x296.jpg\" alt=\"\" width=\"300\" height=\"296\" srcset=\"https:\/\/finslot.net\/tumppi\/wp-content\/uploads\/2021\/04\/Irwin-Remix-300x296.jpg 300w, https:\/\/finslot.net\/tumppi\/wp-content\/uploads\/2021\/04\/Irwin-Remix.jpg 581w\" sizes=\"(max-width: 300px) 100vw, 300px\" \/><\/p>\n<p>Irwin promo levy, ei myyntiin &#8211; noh, joskus Huutonetist\u00e4 t\u00e4m\u00e4 on tullut ostettua \ud83d\ude42<\/p>\n<p>&nbsp;<\/p>\n<p><strong>CD Irwin Klubin painos,<\/strong> 2005<\/p>\n<p><img loading=\"lazy\" decoding=\"async\" class=\"alignnone size-medium wp-image-550\" src=\"https:\/\/finslot.net\/tumppi\/wp-content\/uploads\/2021\/04\/AriGoodman-296x300.jpg\" alt=\"\" width=\"296\" height=\"300\" srcset=\"https:\/\/finslot.net\/tumppi\/wp-content\/uploads\/2021\/04\/AriGoodman-296x300.jpg 296w, https:\/\/finslot.net\/tumppi\/wp-content\/uploads\/2021\/04\/AriGoodman.jpg 575w\" sizes=\"(max-width: 296px) 100vw, 296px\" \/><\/p>\n<p>Irwin mukana muutamilla biiseill\u00e4, joten otetaan t\u00e4nne esille.<\/p>\n<p>&nbsp;<\/p>\n<p>T\u00e4m\u00e4 kun tulee vastaan niin tiet\u00e4\u00e4 ett\u00e4 kyseess\u00e4 on ns piraattilevy. 40 Suosikkia: sis\u00e4lt\u00e4\u00e4 levyt Salainen agentti sek\u00e4 Vain el\u00e4m\u00e4\u00e4. Aikanaan Huutonetist\u00e4 t\u00e4m\u00e4 tuli ostettua. Hyvin aidon n\u00e4k\u00f6inen, ei t\u00e4st\u00e4 p\u00e4\u00e4llep\u00e4in osaa mit\u00e4\u00e4n ep\u00e4ill\u00e4 -mutta vedet\u00e4\u00e4n punaset henkselit p\u00e4\u00e4lle!<\/p>\n<p><img loading=\"lazy\" decoding=\"async\" class=\"alignnone size-large wp-image-564\" src=\"https:\/\/finslot.net\/tumppi\/wp-content\/uploads\/2021\/04\/IrwinPiraattiCDt-1-1024x331.jpg\" alt=\"\" width=\"750\" height=\"242\" \/><\/p>\n","protected":false},"excerpt":{"rendered":"<p>CD Hauskat Hitit, AXRCD 1019, 1991 kuulunee ehdottomasti kokoelmaan, onhan siell\u00e4 itse Eddie Edwards laulamassa kaksi kappaletta, kappaletta jotka Irwin sanoitti sek\u00e4 s\u00e4velsi juuri ennen viimeist\u00e4 keikkaansa: Mun nimeni on Eetu ja Eddien siivell\u00e4. &nbsp; CD Irwin ja oppipojat &#8211; hitit ja harvinaisuudet, Valkeakoski Media, 2007 Mukana levyll\u00e4 my\u00f6s itse Irwin ! &nbsp; CD Irwin-Remix,&hellip; <a class=\"more-link\" href=\"https:\/\/finslot.net\/tumppi\/irwin-muu-materiaali\/\">Jatka lukemista <span class=\"screen-reader-text\">Irwin Goodman muu materiaali<\/span><\/a><\/p>\n","protected":false},"author":1,"featured_media":560,"parent":0,"menu_order":0,"comment_status":"closed","ping_status":"closed","template":"","meta":{"footnotes":""},"class_list":["post-542","page","type-page","status-publish","has-post-thumbnail","hentry","entry"],"_links":{"self":[{"href":"https:\/\/finslot.net\/tumppi\/wp-json\/wp\/v2\/pages\/542","targetHints":{"allow":["GET"]}}],"collection":[{"href":"https:\/\/finslot.net\/tumppi\/wp-json\/wp\/v2\/pages"}],"about":[{"href":"https:\/\/finslot.net\/tumppi\/wp-json\/wp\/v2\/types\/page"}],"author":[{"embeddable":true,"href":"https:\/\/finslot.net\/tumppi\/wp-json\/wp\/v2\/users\/1"}],"replies":[{"embeddable":true,"href":"https:\/\/finslot.net\/tumppi\/wp-json\/wp\/v2\/comments?post=542"}],"version-history":[{"count":10,"href":"https:\/\/finslot.net\/tumppi\/wp-json\/wp\/v2\/pages\/542\/revisions"}],"predecessor-version":[{"id":698,"href":"https:\/\/finslot.net\/tumppi\/wp-json\/wp\/v2\/pages\/542\/revisions\/698"}],"wp:featuredmedia":[{"embeddable":true,"href":"https:\/\/finslot.net\/tumppi\/wp-json\/wp\/v2\/media\/560"}],"wp:attachment":[{"href":"https:\/\/finslot.net\/tumppi\/wp-json\/wp\/v2\/media?parent=542"}],"curies":[{"name":"wp","href":"https:\/\/api.w.org\/{rel}","templated":true}]}}